uppose 4*k - y = 2*k + 339, -2*y + 2 = 0. What are the prime factors of k?
2, 5, 17
Let q = 4 + 2. Let u(g) = -g + 3. Let b be u(q). What are the prime factors of b/((-8)/5 - -1)?
5
Suppose i = -i - 14. List the prime factors of -2*i/1 - 1.
13
Suppose 3*i - 7 + 4 = -3*d, 5*i = 5*d + 35. Let l be 2*3/(d/(-2)). Suppose l*b + 0 = 24. What are the prime factors of b?
2, 3
Suppose c + 2*j = 2, j = -3*c + c + 19. List the prime factors of c.
2, 3
Let x(y) = y**3 - 6*y**2 + 5*y - 5. Let h be x(6). Suppose 5*w - 6*g - 185 = -g, -w + h = 3*g. List the prime factors of w.
2, 17
Suppose -79 - 181 = -4*h. List the prime factors of h.
5, 13
Let p(n) = 3*n - 7. Let z = 183 + -99. Let s be z/16 - (-1)/(-4). What are the prime factors of p(s)?
2
Let o(r) = 2*r**3 - 3*r**2 + r + 1. Let p be 2/(-11) + 84/(-22). Let w be (p/6)/((-2)/6). What are the prime factors of o(w)?
7
Let q(s) = s**3 - 5*s**2 - s - 6. Let l be q(6). Suppose -2*r - 55 = 5*z, -3*r - l = 2*z + 9. What are the prime factors of (1 + z)*(-4)/8?
2
Let n(r) = r**3 + 9*r**2 - 9. List the prime factors of n(-8).
5, 11
Suppose -153 = -2*k - k. Suppose 2*h + h = k. List the prime factors of h.
17
Suppose 5*w = 6*w - 7. Suppose w*b - 10*b = -78. What are the prime factors of b?
2, 13
List the prime factors of 82*((-15)/(-6))/5.
41
Let r(h) = 0*h - 7*h - 15*h + 1. Let y be r(-1). Let p = y - 12. What are the prime factors of p?
11
Let z(p) = 8*p - 5. Let k be z(7). Suppose -21 = -4*r + 3*n + k, -3*n = -3*r + 51. Suppose 2*o = -o - 2*l + 47, o = -2*l + r. What are the prime factors of o?
13
Let y(n) = 2*n**2 - 3*n + 2. List the prime factors of y(4).
2, 11
Let r(x) = 3*x**3 - 3*x**2 + 7. List the prime factors of r(3).
61
Let b be 18/12 + (-19)/2. Let z be (-20)/b + (-3)/(-6). Suppose -z*s - 4 = -28. What are the prime factors of s?
2
Let f be (-9)/(-2)*8/6. List the prime factors of f/2*20/15.
2
Let b = -5 - -5. Let u = b + -3. List the prime factors of 1/(3*u/(-63)).
7
Let d be 296/36 + 2/(-9). Let u(a) = a**3 - 7*a**2 - 6*a - 6. Let g be u(d). What are the prime factors of (65/g)/((-2)/(-4))?
13
Let z = 266 + -50. What are the prime factors of z?
2, 3
Let k = 11 + 51. What are the prime factors of k?
2, 31
Let p = 14 - 10. Suppose -3*a - 37 = -p*a. What are the prime factors of a?
37
Suppose b = 5*h + 5*b - 23, -5*h - 5*b = -25. Suppose -h*c = -1 - 11. Suppose 3*v = c*v - 11. List the prime factors of v.
11
Suppose -c - 8 = -1. Let h(s) = -s**2 - 8*s - 5. Let o be h(c). Suppose 0 = -o*r - r + 6. What are the prime factors of r?
2
Let t(i) = -3 + 0 - 2*i - i - 5*i**2 + i**3. Let u(y) = -y - 6. Let j be u(-12). What are the prime factors of t(j)?
3, 5
Let c(u) = -u**3 - 6*u**2 - 5*u + 2. Let k be c(-5). What are the prime factors of 19 - (2/k + 2)?
2
Suppose -6*c + c + x + 1635 = 0, -3*c + 4*x = -981. List the prime factors of c.
3, 109
Let z(d) = 5*d - 6. Let c be z(5). Suppose 4*k - c = 41. Suppose -2*l + k = 3*l. List the prime factors of l.
3
Let i be 0 + (-2 - -4) + -6. Let k be i/(2 - 0 - 1). Let g(c) = -2*c - 5. List the prime factors of g(k).
3
Let u = -31 + 177. List the prime factors of u.
2, 73
Suppose 3*w - l + 61 = 7*w, 2*w - 25 = 5*l. Suppose 1 = -2*u + w. List the prime factors of u.
7
Let y(n) = -n**3 - 3*n**2 + 4*n + 5. Let d(b) = -b - 1. Let w(i) = -2*i - 2. Let h(t) = 2*d(t) - 2*w(t). Let j be h(-3). List the prime factors of y(j).
5
Suppose 5*m = 7*m - 4. Let d = 16 + m. List the prime factors of d.
2, 3
Suppose -d = s - 196, 5*s = -4*d - 0*d + 975. What are the prime factors of s?
191
Let z(s) = -10*s**3 + 9*s + s**2 - 1 - 9*s. List the prime factors of z(-1).
2, 5
Suppose 5*l = 3*l + 2, 2*l + 97 = c. What are the prime factors of c?
3, 11
Let f = -45 - -88. List the prime factors of f.
43
Suppose -x - 20 + 38 = 0. List the prime factors of x.
2, 3
What are the prime factors of 34 - (4 + 8*-1)?
2, 19
Suppose 0 = -6*r + 2*r + 1644. What are the prime factors of r?
3, 137
Let m(g) = -g. Let h be m(-3). Suppose -2*f = 5*l - 7, h*f + l - 3*l - 20 = 0. List the prime factors of f.
2, 3
Suppose 96 = 5*h - 34. List the prime factors of h.
2, 13
Suppose -15 = -3*x, -117 = -0*u - 3*u + 3*x. What are the prime factors of u?
2, 11
Let x = 1385 + -963. List the prime factors of x.
2, 211
Let n = 13 - 11. Suppose 5*u = 42 - n. What are the prime factors of u?
2
Let p(x) = 9*x + 7. What are the prime factors of p(4)?
43
Let s(i) = i**2 - 7*i - 4. Suppose 2*c - 37 = 6*c + f, 4*c - f = -27. Let j be ((-6)/c)/((-1)/(-12)). List the prime factors of s(j).
2, 7
Let x = 23 + -15. Let z = 3 + x. List the prime factors of z.
11
Suppose -3*c + 0*c - v + 345 = 0, -3*v = -3*c + 357. List the prime factors of c.
2, 29
What are the prime factors of 4*(195/5 - 2)?
2, 37
Suppose -b = -i + 26, -5*b = -4*i + 123 - 15. List the prime factors of i.
2, 11
Let c(v) = 2*v**3 - 3*v**2 + 2*v + 1. What are the prime factors of c(4)?
89
Let x(f) = f**2 - 6*f + 6. Let d(h) = -6*h**3. Let l be d(-1). Let m be x(l). What are the prime factors of m/15 + (-8)/(-5)?
2
Let o(i) = -i**3 - 2*i**2 + 1. Let b be o(-1). Suppose 2*a + 16 = -2*v, -v + 16 = -a - b. Let l = a - -22. List the prime factors of l.
2, 5
Let y be (-12)/8*(-16)/6. Let b(o) = 9*o + 4. List the prime factors of b(y).
2, 5
Let l = -8 - -13. Suppose -65 - 25 = -l*y. List the prime factors of -1 + y + (-1 - -1).
17
Let u = 43 - -27. List the prime factors of u.
2, 5, 7
Let t = 1 + 1. Suppose t*o = -0*o - 10, -d - 8 = 2*o. Suppose d*s = 3*s - 10. List the prime factors of s.
2, 5
Let s = 8 - 4. Suppose -s*y + p + 5 = -49, -y = -p - 12. List the prime factors of (-5)/((-5)/y) - -1.
3, 5
What are the prime factors of ((4/6)/(-1))/((-6)/2115)?
5, 47
Let q = -339 + 523. What are the prime factors of q?
2, 23
Suppose -3*g + 177 = -3*a, 0*g + g + a - 53 = 0. Suppose -y = -3*w + 64, -4*w + 38 = 3*y - g. What are the prime factors of w?
2, 11
Suppose -2*z = z - 9. Suppose -11 = -z*h - 2. What are the prime factors of h?
3
Let d be (-3)/12 - 150/8. Let n = 8 + d. Let a = -5 - n. List the prime factors of a.
2, 3
Let u(d) = -4*d**3 - d**2 + 1. Let j be u(1). Let t(z) = -6*z + 1. List the prime factors of t(j).
5
Suppose 5*z - 285 = 5*h, 4*h = h + 4*z - 176. Let o = h - -98. What are the prime factors of o?
2, 23
Let x(i) = 3*i**2 - i - 9. List the prime factors of x(-4).
43
Suppose 5 - 11 = -3*j. Suppose 5*n - 17 = 2*u, 3*u + u = 5*n - 9. Suppose -n*h + j*t = -47, 4*t - 26 - 1 = -h. What are the prime factors of h?
11
Let h(o) = -o**3 + 9*o**2 + o - 5. Let l be h(9). Suppose l*a = c + 5, a - 37 = -4*c - 2*a. List the prime factors of c.
7
Let m be -1 - (-18)/((-9)/(-3)). Suppose 10 = m*r - 0. What are the prime factors of r?
2
Let o(h) = h**2 - 3*h - 15. List the prime factors of o(-7).
5, 11
Let y = -4 + 6. What are the prime factors of 1/(y - 29/15)?
3, 5
Suppose -17*v + 665 = -10*v. List the prime factors of v.
5, 19
Suppose -19 + 79 = 3*b. List the prime factors of b.
2, 5
Let u = 11 - 13. What are the prime factors of (-84)/u - 2*1?
2, 5
Suppose -19*n + 17*n = -164. What are the prime factors of n?
2, 41
Let v = 41 - 19. Let x be 2/(-8) + v/(-8). Let h = 1 - x. List the prime factors of h.
2
Let q(h) = h**2 + 4*h + 6. Let o be q(6). Let d = o - 36. What are the prime factors of d?
2, 3, 5
List the prime factors of (-14 - -17)*(20 + -1).
3, 19
Let x = -5 + 8. Suppose x*y - r - 30 = 0, -y + 2*r + 2 = -8. What are the prime factors of y?
2, 5
Suppose -2*b - 25 = 5*x, -3*x - 14 = -3*b + 4*b. Let i(a) = -a**3 - 3*a**2 + 5*a - 7. What are the prime factors of i(b)?
2, 3
Let d = -5 + 31. Let z = d + -17. What are the prime factors of z?
3
Let a(u) = 2*u**2 + 14*u. What are the prime factors of a(-9)?
2, 3
What are the prime factors of -2 + 23 + (3 - -3)?
3
Suppose -455 + 40 = -5*p. What are the prime factors of p?
83
Let r = -41 - -83. List the prime factors of r.
2, 3, 7
List the prime factors of 72*1 - (5 + -4).
71
Let y = -46 - -66. Suppose w + 5*u - 11 = y, 0 = w + 3*u - 25. List the prime factors of w.
2
Let c(j) = -j**3 + 12*j**2 - 8*j - 5. Suppose -6*f + 55 = -f. List the prime factors of c(f).
2, 7
Suppose 7*v = 11 + 94. List the prime factors of v.
3, 5
Suppose -56 = -2*y + 5*o, 2*y - 4*o - 65 = -11. List the prime factors of y.
23
Let n be (30/4)/((-6)/(-12)). Le